6012387097 composite?
True
Is 4485236423 a composite number?
False
Is 200677837 a prime number?
True
Is 4928431933 prime?
True
Is 480512743 composite?
True
Is 7972560419 a composite number?
False
Is 134493219881 a prime number?
True
Is 3499768861 a composite number?
True
Is 1676938687 a composite number?
True
Is 36994690757 prime?
True
Is 7020955441 prime?
True
Is 107489693 composite?
False
Is 217956623 composite?
True
Is 5328815863 a prime number?
False
Is 18805993897 a composite number?
True
Is 6359075507 composite?
True
Is 5834051459 a prime number?
True
Is 453778771 prime?
True
Is 9380039677 a composite number?
False
Is 8634009809 composite?
False
Is 324151375939 prime?
True
Is 1562457433 a prime number?
False
Is 2460701303 prime?
True
Is 73597281409 a prime number?
True
Is 27926233 prime?
True
Is 171535201 composite?
False
Is 109878896627 composite?
True
Is 2913462887 prime?
False
Is 4536903886 prime?
False
Is 940643303 prime?
False
Is 2379148969 prime?
True
Is 209428997 a prime number?
False
Is 2286409 a prime number?
False
Is 798591463 a prime number?
True
Is 39197956867 prime?
True
Is 12798437957 composite?
False
Is 7290388367 composite?
True
Is 8966520391 a prime number?
True
Is 203953031 a prime number?
True
Is 1466016091 a prime number?
False
Is 5063722591 prime?
True
Is 83651762 prime?
False
Is 16425527407 prime?
False
Is 84224227 a prime number?
False
Is 1735797347 prime?
False
Is 621475277 composite?
False
Is 5391456779 composite?
False
Is 9258563617 a composite number?
True
Is 58815583259 composite?
False
Is 11712146657 a prime number?
True
Is 680311231 prime?
True
Is 4406430749 composite?
True
Is 393263471 prime?
True
Is 2903945035 a prime number?
False
Is 40798486853 composite?
False
Is 8736728831 prime?
False
Is 16870092011 composite?
True
Is 6536687891 a composite number?
False
Is 4793499167 composite?
True
Is 288492037 prime?
False
Is 338499241 a prime number?
False
Is 51105409 a prime number?
False
Is 258299267 composite?
True
Is 12433285947 a prime number?
False
Is 26266070627 a prime number?
False
Is 1620822689 a composite number?
True
Is 32584633 a prime number?
False
Is 83946534281 a composite number?
True
Is 814083563 composite?
True
Is 17883139369 a prime number?
False
Is 5608551085 a prime number?
False
Is 16512349333 prime?
False
Is 344970139 a prime number?
False
Is 433519553 prime?
True
Is 106183584503 a prime number?
True
Is 2585437 prime?
False
Is 334279579 a composite number?
False
Is 90281351 prime?
True
Is 2402346371 prime?
True
Is 4826136869 prime?
True
Is 21470478691 prime?
True
Is 466807051 prime?
True
Is 1319455229 composite?
False
Is 4266690815 a prime number?
False
Is 102837863777 a prime number?
False
Is 21909949649 composite?
True
Is 942026497 a prime number?
True
Is 3727527053 a prime number?
False
Is 5569370773 a composite number?
False
Is 33202033451 composite?
True
Is 1575018787 a prime number?
False
Is 106153378037 composite?
True
Is 763157767 a composite number?
False
Is 2181932353 composite?
False
Is 7974070961 a composite number?
False
Is 3733766867 composite?
True
Is 23003470613 prime?
False
Is 5047403407 a composite number?
True
Is 41408210267 a prime number?
False
Is 4498818041 a prime number?
False
Is 924697166 composite?
True
Is 13966259397 composite?
True
Is 1347115883 composite?
True
Is 104680153447 a prime number?
True
Is 15781252759 a prime number?
True
Is 92917541411 a composite number?
True
Is 5396236331 a composite number?
True
Is 1409280923 composite?
True
Is 267491401 composite?
False
Is 393719191 a prime number?
True
Is 1418078257 prime?
True
Is 24395665909 composite?
False
Is 21992940353 a composite number?
False
Is 6374152501 prime?
True
Is 28591619339 prime?
True
Is 71850167 composite?
True
Is 373200769 a composite number?
False
Is 1768476863 a composite number?
False
Is 43374571 composite?
True
Is 46426404502 a composite number?
True
Is 41596438127 a composite number?
False
Is 615741167 prime?
True
Is 365857666 composite?
True
Is 7928044237 a composite number?
False
Is 1348982137 composite?
False
Is 10372693841 composite?
True
Is 28041361 composite?
True
Is 614994101 a composite number?
True
Is 424789843 a composite number?
True
Is 118693733659 a composite number?
False
Is 3194491351 composite?
False
Is 5008550749 composite?
False
Is 2269458263 a composite number?
False
Is 1103620913 a composite number?
False
Is 1586931371 composite?
False
Is 2304370721 a prime number?
True
Is 2603032013 prime?
False
Is 2275793201 a prime number?
False
Is 24380807 a composite number?
True
Is 712855579 a composite number?
True
Is 91681873 prime?
True
Is 4222791303 a composite number?
True
Is 175493959 prime?
False
Is 919952581 prime?
True
Is 982831771 prime?
False
Is 181380751307 composite?
True
Is 188886839 prime?
False
Is 6661160833 composite?
False
Is 40031849399 prime?
False
Is 61590650421 composite?
True
Is 921472423 composite?
False
Is 22203714707 a prime number?
True
Is 7081386749 a composite number?
False
Is 2099420699 a composite number?
False
Is 161680111 prime?
True
Is 1839211853 a composite number?
False
Is 5280758819 a composite number?
True
Is 110781569 a prime number?
False
Is 13404285449 prime?
True
Is 31665461719 prime?
False
Is 1427489647 a composite number?
False
Is 143172461 a prime number?
False
Is 1457887489 a prime number?
False
Is 4721817869 composite?
False
Is 6886899157 prime?
True
Is 976759019 a prime number?
False
Is 5418544529 a prime number?
False
Is 11865956051 composite?
False
Is 3588487333 a prime number?
False
Is 134643325861 prime?
False
Is 5966851193 a prime number?
False
Is 555762187 prime?
False
Is 156009927083 a composite number?
True
Is 122075702771 prime?
False
Is 647307421 composite?
False
Is 8077963141 a prime number?
False
Is 18997753211 prime?
True
Is 343697873 composite?
True
Is 117958176241 composite?
False
Is 21825313579 composite?
True
Is 8400822707 composite?
False
Is 2000904485 composite?
True
Is 60708706631 a prime number?
True
Is 27561486889 a composite number?
True
Is 1415492603 a composite number?
True
Is 19653298367 prime?
True
Is 13527806 composite?
True
Is 270807343 a composite number?
True
Is 2064937559 composite?
True
Is 1705585543 a composite number?
False
Is 5060474173 a composite number?
True
Is 177640018895 a prime number?
False
Is 11776280107 a composite number?
False
Is 99392399 a composite number?
False
Is 5387923663 a composite number?
False
Is 619051853 prime?
False
Is 3353090513 a composite number?
False
Is 1248317621 a composite number?
True
Is 12139501501 a composite number?
False
Is 7787548753 a composite number?
True
Is 69684001681 a composite number?
True
Is 934875133 a prime number?
True
Is 1119755837 composite?
False
Is 2103176217 composite?
True
Is 184456126549 prime?
True
Is 672723287 composite?
False
Is 4783753307 prime?
False
Is 2302861279 a composite number?
False
Is 104257187 prime?
True
Is 155453149 prime?
False
Is 2684221391 composite?
False
Is 8359315033 a prime number?
True
Is 13909582321 a composite number?
True
Is 1056202841 prime?
True
Is 13034932067 composite?
False
Is 53787493983 composite?
True
Is 198352069 a composite number?
True
Is 162345947 a composite number?
False
Is 5803651955 composite?
True
Is 869688817 composite?
False
Is 15408712831 prime?
True
Is 777724921 prime?
False
Is 6910226579 a composite number?
True
Is 600379673 prime?
False
Is 6938376947 prime?
True
Is 26800715 composite?
True
Is 25491885613 a composite number?
True
Is 621603053 prime?
True
Is 2301986329 prime?
False
Is 300737791 a composite number?
True
Is 90327887473 a prime number?
False
Is 1565220467 prime?
False
Is 8425953293 a composite number?
False
Is 14251223359 composite?
True
Is 34316790107 a composite number?
False
Is 31347617 a prime number?
False
Is 1681629773 a prime number?
False
Is 1157674191 a prime number?
False
Is 343468069 a composite number?
True
Is 2609124199 a composite number?
True
Is 3416782409 prime?
True
Is 3252957731 prime?
True
Is 5293965322 a composite number?
True
Is 141811931 a prime number?
True
Is 1926627917 composite?
False
Is 11296801 composite?
False
Is 71925740321 a composite number?
False
Is 956920885 composite?
True
Is 1946575489 composite?
False
Is 4466422217 prime?
True
Is 164024830